{"id":2658,"date":"2020-05-11T09:03:25","date_gmt":"2020-05-11T12:03:25","guid":{"rendered":"https:\/\/tecnologia.prefeitura.sp.gov.br\/?page_id=2658"},"modified":"2020-05-18T09:09:37","modified_gmt":"2020-05-18T12:09:37","slug":"eventos","status":"publish","type":"page","link":"https:\/\/tecnologia.prefeitura.sp.gov.br\/?page_id=2658","title":{"rendered":"Not\u00edcias: Eventos"},"content":{"rendered":"\t\t<div data-elementor-type=\"wp-page\" data-elementor-id=\"2658\" class=\"elementor elementor-2658\">\n\t\t\t\t\t\t<section class=\"elementor-section elementor-top-section elementor-element elementor-element-d9101d2 elementor-section-boxed elementor-section-height-default elementor-section-height-default\" data-id=\"d9101d2\" data-element_type=\"section\" data-e-type=\"section\">\n\t\t\t\t\t\t<div class=\"elementor-container elementor-column-gap-default\">\n\t\t\t\t\t<div class=\"elementor-column elementor-col-50 elementor-top-column elementor-element elementor-element-3710f23\" data-id=\"3710f23\" data-element_type=\"column\" data-e-type=\"column\">\n\t\t\t<div class=\"elementor-widget-wrap elementor-element-populated\">\n\t\t\t\t\t\t<div class=\"elementor-element elementor-element-1c03e0e elementor-widget elementor-widget-wp-widget-nav_menu\" data-id=\"1c03e0e\" data-element_type=\"widget\" data-e-type=\"widget\" data-settings=\"{&quot;_animation&quot;:&quot;none&quot;}\" data-widget_type=\"wp-widget-nav_menu.default\">\n\t\t\t\t<div class=\"elementor-widget-container\">\n\t\t\t\t\t<nav class=\"menu-menu-noticias-container\" aria-label=\"Menu\"><ul id=\"menu-menu-noticias\" class=\"menu\"><li id=\"menu-item-2674\" class=\"menu-item menu-item-type-post_type menu-item-object-page menu-item-has-children menu-item-2674\"><a aria-expanded=\"false\" href=\"https:\/\/tecnologia.prefeitura.sp.gov.br\/?page_id=2667\" class=\"menu-link\">Todas as not\u00edcias<span role=\"application\" class=\"dropdown-menu-toggle ast-header-navigation-arrow\" tabindex=\"0\" aria-expanded=\"false\" aria-label=\"Alternar menu\" ><\/span><\/a>\n<ul class=\"sub-menu\">\n\t<li id=\"menu-item-2646\" class=\"menu-item menu-item-type-post_type menu-item-object-page menu-item-2646\"><a href=\"https:\/\/tecnologia.prefeitura.sp.gov.br\/?page_id=1640\" class=\"menu-link\">Bastidores da Tecnologia<\/a><\/li>\n\t<li id=\"menu-item-2652\" class=\"menu-item menu-item-type-post_type menu-item-object-page menu-item-2652\"><a href=\"https:\/\/tecnologia.prefeitura.sp.gov.br\/?page_id=2650\" class=\"menu-link\">Capacita\u00e7\u00e3o<\/a><\/li>\n\t<li id=\"menu-item-2664\" class=\"menu-item menu-item-type-post_type menu-item-object-page menu-item-2664\"><a href=\"https:\/\/tecnologia.prefeitura.sp.gov.br\/?page_id=2662\" class=\"menu-link\">COVID-19<\/a><\/li>\n\t<li id=\"menu-item-2666\" class=\"menu-item menu-item-type-post_type menu-item-object-page menu-item-2666\"><a href=\"https:\/\/tecnologia.prefeitura.sp.gov.br\/?page_id=2658\" class=\"menu-link\">Eventos<\/a><\/li>\n\t<li id=\"menu-item-2648\" class=\"menu-item menu-item-type-post_type menu-item-object-page menu-item-2648\"><a href=\"https:\/\/tecnologia.prefeitura.sp.gov.br\/?page_id=1208\" class=\"menu-link\">F\u00f3rum de Tecnologia<\/a><\/li>\n\t<li id=\"menu-item-2656\" class=\"menu-item menu-item-type-post_type menu-item-object-page menu-item-2656\"><a href=\"https:\/\/tecnologia.prefeitura.sp.gov.br\/?page_id=2653\" class=\"menu-link\">Orienta\u00e7\u00f5es T\u00e9cnicas<\/a><\/li>\n\t<li id=\"menu-item-2665\" class=\"menu-item menu-item-type-post_type menu-item-object-page menu-item-2665\"><a href=\"https:\/\/tecnologia.prefeitura.sp.gov.br\/?page_id=2660\" class=\"menu-link\">Teletrabalho<\/a><\/li>\n<\/ul>\n<\/li>\n<\/ul><\/nav>\t\t\t\t<\/div>\n\t\t\t\t<\/div>\n\t\t\t\t\t<\/div>\n\t\t<\/div>\n\t\t\t\t<div class=\"elementor-column elementor-col-50 elementor-top-column elementor-element elementor-element-3ad1ce7\" data-id=\"3ad1ce7\" data-element_type=\"column\" data-e-type=\"column\">\n\t\t\t<div class=\"elementor-widget-wrap elementor-element-populated\">\n\t\t\t\t\t\t<div class=\"elementor-element elementor-element-4d1cf778 elementor-widget elementor-widget-text-editor\" data-id=\"4d1cf778\" data-element_type=\"widget\" data-e-type=\"widget\" data-widget_type=\"text-editor.default\">\n\t\t\t\t<div class=\"elementor-widget-container\">\n\t\t\t\t\t\t\t\t\t\n<div class=\"display-posts-listing image-left\"><div class=\"listing-item\"><a class=\"image\" href=\"https:\/\/tecnologia.prefeitura.sp.gov.br\/?p=11258\"><img decoding=\"async\" width=\"150\" height=\"150\" src=\"https:\/\/tecnologia.prefeitura.sp.gov.br\/wp-content\/uploads\/2023\/06\/Modelo-de-capa-para-noticias-do-Portal-de-Tecnologia-35-150x150.png\" class=\"attachment-thumbnail size-thumbnail wp-post-image\" alt=\"\" \/><\/a> <a class=\"title\" href=\"https:\/\/tecnologia.prefeitura.sp.gov.br\/?p=11258\">S\u00c3O PAULO PARTICIPA DO BIG FESTIVAL 2023 PARA APRESENTAR OPORTUNIDADES DE NEG\u00d3CIOS NO SETOR DE GAMES E E-SPORTS<\/a> <span class=\"date\">29\/06\/2023 &#8211;<\/span> <span class=\"excerpt-dash\">&#8211;<\/span> <span class=\"excerpt\">Cidade de S\u00e3o Paulo ter\u00e1 estande com programa\u00e7\u00e3o com especialistas e empresas aceleradas pela Sampa Games, programa de fomento da PrefeituraPrincipal polo de criatividade e neg\u00f3cios em games do Brasil, a cidade de S\u00e3o Paulo vai expor suas iniciativas e programas de apoio ao setor de jogos eletr\u00f4nicos e e-sports&hellip; <a class=\"excerpt-more\" href=\"https:\/\/tecnologia.prefeitura.sp.gov.br\/?p=11258\">Leia a not\u00edcia completa<\/a><\/span><\/div><div class=\"listing-item\"><a class=\"image\" href=\"https:\/\/tecnologia.prefeitura.sp.gov.br\/?p=10276\"><img decoding=\"async\" width=\"150\" height=\"150\" src=\"https:\/\/tecnologia.prefeitura.sp.gov.br\/wp-content\/uploads\/2023\/03\/noticia-arduino-150x150.jpg\" class=\"attachment-thumbnail size-thumbnail wp-post-image\" alt=\"\" \/><\/a> <a class=\"title\" href=\"https:\/\/tecnologia.prefeitura.sp.gov.br\/?p=10276\">PREFEITURA DE S\u00c3O PAULO PROMOVE 4\u00aa EDI\u00c7\u00c3O DO ARDU\u00cdNO DAY PARA AMANTES DE PROGRAMA\u00c7\u00c3O E ROB\u00d3TICA<\/a> <span class=\"date\">22\/03\/2023 &#8211;<\/span> <span class=\"excerpt-dash\">&#8211;<\/span> <span class=\"excerpt\">Atividades elaboradas pela rede FAB LAB LIVRE SP estar\u00e3o dispon\u00edveis para todas as idades no Centro Cultural PenhaNo dia 25 de mar\u00e7o (s\u00e1bado) o FAB LAB LIVRE SP, programa coordenado pela Secretaria Municipal de Inova\u00e7\u00e3o e Tecnologia (SMIT), ir\u00e1 realizar a 4\u00aa edi\u00e7\u00e3o do \u201cArdu\u00edno Day\u201d. O evento, que acontecer\u00e1&hellip; <a class=\"excerpt-more\" href=\"https:\/\/tecnologia.prefeitura.sp.gov.br\/?p=10276\">Leia a not\u00edcia completa<\/a><\/span><\/div><div class=\"listing-item\"><a class=\"image\" href=\"https:\/\/tecnologia.prefeitura.sp.gov.br\/?p=4273\"><img decoding=\"async\" width=\"150\" height=\"150\" src=\"https:\/\/tecnologia.prefeitura.sp.gov.br\/wp-content\/uploads\/2021\/05\/1-150x150.png\" class=\"attachment-thumbnail size-thumbnail wp-post-image\" alt=\"\" \/><\/a> <a class=\"title\" href=\"https:\/\/tecnologia.prefeitura.sp.gov.br\/?p=4273\">Educa\u00e7\u00e3o SP promove discuss\u00e3o sobre transforma\u00e7\u00e3o digital no ensino<\/a> <span class=\"date\">05\/05\/2021 &#8211;<\/span> <span class=\"excerpt-dash\">&#8211;<\/span> <span class=\"excerpt\">O jornalista premiado em tecnologia Carlos Aros \u00e9 o convidado especial da Efape e Citem A transforma\u00e7\u00e3o digital atinge todos os setores da sociedade. Com a educa\u00e7\u00e3o, n\u00e3o \u00e9 diferente. Nesse cen\u00e1rio, \u00e9 preciso entender os aspectos fundamentais dessa mudan\u00e7a para orientar escolas, educadores, estudantes, bem como m\u00e3es, pais e&hellip; <a class=\"excerpt-more\" href=\"https:\/\/tecnologia.prefeitura.sp.gov.br\/?p=4273\">Leia a not\u00edcia completa<\/a><\/span><\/div><div class=\"listing-item\"><a class=\"image\" href=\"https:\/\/tecnologia.prefeitura.sp.gov.br\/?p=4217\"><img loading=\"lazy\" decoding=\"async\" width=\"150\" height=\"150\" src=\"https:\/\/tecnologia.prefeitura.sp.gov.br\/wp-content\/uploads\/2021\/04\/4-150x150.png\" class=\"attachment-thumbnail size-thumbnail wp-post-image\" alt=\"Imagem de um Ardu\u00edno\" \/><\/a> <a class=\"title\" href=\"https:\/\/tecnologia.prefeitura.sp.gov.br\/?p=4217\">Fatec Mogi Mirim seleciona projetos para o Arduino Day<\/a> <span class=\"date\">06\/04\/2021 &#8211;<\/span> <span class=\"excerpt-dash\">&#8211;<\/span> <span class=\"excerpt\">Prazo de inscri\u00e7\u00e3o pela internet termina em 8 de abril; podem participar equipes de at\u00e9 tr\u00eas componentes Estudantes matriculados nos Ensinos M\u00e9dio, T\u00e9cnico e Superior, da regi\u00e3o de Mogi Mirim, t\u00eam at\u00e9 8 de abril para se inscrever pela&nbsp;internet&nbsp;no Arduino Day \u2013 Mostra e Competi\u00e7\u00e3o de Projetos Desenvolvidos em Plataforma&hellip; <a class=\"excerpt-more\" href=\"https:\/\/tecnologia.prefeitura.sp.gov.br\/?p=4217\">Leia a not\u00edcia completa<\/a><\/span><\/div><div class=\"listing-item\"><a class=\"image\" href=\"https:\/\/tecnologia.prefeitura.sp.gov.br\/?p=4067\"><img loading=\"lazy\" decoding=\"async\" width=\"150\" height=\"150\" src=\"https:\/\/tecnologia.prefeitura.sp.gov.br\/wp-content\/uploads\/2021\/02\/7-1-150x150.png\" class=\"attachment-thumbnail size-thumbnail wp-post-image\" alt=\"Logo CopiCola\" \/><\/a> <a class=\"title\" href=\"https:\/\/tecnologia.prefeitura.sp.gov.br\/?p=4067\">Com evento online, Secretaria Municipal de Inova\u00e7\u00e3o e Tecnologia lan\u00e7a 14\u00ba Guia do CopiCola<\/a> <span class=\"date\">24\/02\/2021 &#8211;<\/span> <span class=\"excerpt-dash\">&#8211;<\/span> <span class=\"excerpt\">Projeto descreve e orienta a aplica\u00e7\u00e3o de ci\u00eancias comportamentais na comunica\u00e7\u00e3o com o p\u00fablico \u00a0\u201cComo incentivar escolhas atrav\u00e9s da comunica\u00e7\u00e3o com a popula\u00e7\u00e3o?\u201d. Foi para responder a essa pergunta que a equipe do (011)l.lab, laborat\u00f3rio de inova\u00e7\u00e3o em governo da cidade de S\u00e3o Paulo, gerido pela Secretaria Municipal de Inova\u00e7\u00e3o&hellip; <a class=\"excerpt-more\" href=\"https:\/\/tecnologia.prefeitura.sp.gov.br\/?p=4067\">Leia a not\u00edcia completa<\/a><\/span><\/div><div class=\"listing-item\"><a class=\"image\" href=\"https:\/\/tecnologia.prefeitura.sp.gov.br\/?p=4061\"><img loading=\"lazy\" decoding=\"async\" width=\"150\" height=\"150\" src=\"https:\/\/tecnologia.prefeitura.sp.gov.br\/wp-content\/uploads\/2021\/02\/5-2-150x150.png\" class=\"attachment-thumbnail size-thumbnail wp-post-image\" alt=\"Palestra Centro de M\u00eddias\" \/><\/a> <a class=\"title\" href=\"https:\/\/tecnologia.prefeitura.sp.gov.br\/?p=4061\">Programa MedioTec abre inscri\u00e7\u00f5es para vagas remanescentes<\/a> <span class=\"date\">24\/02\/2021 &#8211;<\/span> <span class=\"excerpt-dash\">&#8211;<\/span> <span class=\"excerpt\">Convocados ser\u00e3o avisados por e-mail e dever\u00e3o encaminhar a documenta\u00e7\u00e3o corretamente para garantir a vaga Estudantes do segundo ano do Ensino M\u00e9dio de escolas da rede p\u00fablica do Estado de S\u00e3o Paulo podem fazer a inscri\u00e7\u00e3o para vagas remanescentes dos programas de dupla forma\u00e7\u00e3o MedioTec e Jovem T\u00e9cnico. \u00c9 poss\u00edvel&hellip; <a class=\"excerpt-more\" href=\"https:\/\/tecnologia.prefeitura.sp.gov.br\/?p=4061\">Leia a not\u00edcia completa<\/a><\/span><\/div><div class=\"listing-item\"><a class=\"image\" href=\"https:\/\/tecnologia.prefeitura.sp.gov.br\/?p=4058\"><img loading=\"lazy\" decoding=\"async\" width=\"150\" height=\"150\" src=\"https:\/\/tecnologia.prefeitura.sp.gov.br\/wp-content\/uploads\/2021\/02\/4-2-150x150.png\" class=\"attachment-thumbnail size-thumbnail wp-post-image\" alt=\"Imagem mostra c\u00f3digos bin\u00e1rios\" \/><\/a> <a class=\"title\" href=\"https:\/\/tecnologia.prefeitura.sp.gov.br\/?p=4058\">INPI promove hackathon para aprimorar servi\u00e7os<\/a> <span class=\"date\">24\/02\/2021 &#8211;<\/span> <span class=\"excerpt-dash\">&#8211;<\/span> <span class=\"excerpt\">As inscri\u00e7\u00f5es das equipes ocorrer\u00e3o no per\u00edodo de 1\u00ba a 31 de mar\u00e7o de 2021. Podem participar desenvolvedores de software e profissionais ligados \u00e0 Gest\u00e3o de Neg\u00f3cios O Instituto Nacional da Propriedade Industrial (INPI) promover\u00e1,\u00a0de 5 a 12 de abril de 2021, o INPI Hack, a primeira maratona de desenvolvimento&hellip; <a class=\"excerpt-more\" href=\"https:\/\/tecnologia.prefeitura.sp.gov.br\/?p=4058\">Leia a not\u00edcia completa<\/a><\/span><\/div><div class=\"listing-item\"><a class=\"image\" href=\"https:\/\/tecnologia.prefeitura.sp.gov.br\/?p=3957\"><img loading=\"lazy\" decoding=\"async\" width=\"150\" height=\"150\" src=\"https:\/\/tecnologia.prefeitura.sp.gov.br\/wp-content\/uploads\/2021\/02\/4-150x150.png\" class=\"attachment-thumbnail size-thumbnail wp-post-image\" alt=\"\" \/><\/a> <a class=\"title\" href=\"https:\/\/tecnologia.prefeitura.sp.gov.br\/?p=3957\">Programa IdeiaGov abre consulta para solu\u00e7\u00e3o tecnol\u00f3gica na \u00e1rea de educa\u00e7\u00e3o at\u00e9 5\/3<\/a> <span class=\"date\">01\/02\/2021 &#8211;<\/span> <span class=\"excerpt-dash\">&#8211;<\/span> <span class=\"excerpt\">Tecnologia dever\u00e1 ser capaz de identificar tend\u00eancias do mercado de trabalho em todo o Estado; interessados podem se inscrever at\u00e9 5\/3 O Governo do Estado de S\u00e3o Paulo, por meio do programa&nbsp;IdeiaGov, da Secretaria de Desenvolvimento Econ\u00f4mico (SDE) e do Centro Paula Souza (CPS), est\u00e1 convidando todos os cidad\u00e3os e&hellip; <a class=\"excerpt-more\" href=\"https:\/\/tecnologia.prefeitura.sp.gov.br\/?p=3957\">Leia a not\u00edcia completa<\/a><\/span><\/div><div class=\"listing-item\"><a class=\"image\" href=\"https:\/\/tecnologia.prefeitura.sp.gov.br\/?p=609\"><img loading=\"lazy\" decoding=\"async\" width=\"150\" height=\"150\" src=\"https:\/\/tecnologia.prefeitura.sp.gov.br\/wp-content\/uploads\/2019\/10\/greensampa-150x150.png\" class=\"attachment-thumbnail size-thumbnail wp-post-image\" alt=\"Conhe\u00e7a esta iniciativa!!\" \/><\/a> <a class=\"title\" href=\"https:\/\/tecnologia.prefeitura.sp.gov.br\/?p=609\">MeetUp do Green Sampa reunir\u00e1 especialistas do setor de tecnologias verdes e sustentabilidade<\/a> <span class=\"date\">28\/10\/2019 &#8211;<\/span> <span class=\"excerpt-dash\">&#8211;<\/span> <span class=\"excerpt\">Encontro ser\u00e1 realizado na zona central da cidade e tem como objetivo debater sobre o mercado de neg\u00f3cios sustent\u00e1veis A Prefeitura de S\u00e3o Paulo, por meio da Ade Sampa &#8211; Ag\u00eancia S\u00e3o Paulo de Desenvolvimento, realiza na pr\u00f3xima ter\u00e7a-feira, 29 de outubro, o primeiro&nbsp;meetup&nbsp;do Green Sampa, programa que incentiva o&hellip; <a class=\"excerpt-more\" href=\"https:\/\/tecnologia.prefeitura.sp.gov.br\/?p=609\">Leia a not\u00edcia completa<\/a><\/span><\/div><\/div>\n\t\t\t\t\t\t\t\t<\/div>\n\t\t\t\t<\/div>\n\t\t\t\t\t<\/div>\n\t\t<\/div>\n\t\t\t\t\t<\/div>\n\t\t<\/section>\n\t\t\t\t<section class=\"elementor-section elementor-top-section elementor-element elementor-element-4a45a30c elementor-section-boxed elementor-section-height-default elementor-section-height-default\" data-id=\"4a45a30c\" data-element_type=\"section\" data-e-type=\"section\">\n\t\t\t\t\t\t<div class=\"elementor-container elementor-column-gap-default\">\n\t\t\t\t\t<div class=\"elementor-column elementor-col-100 elementor-top-column elementor-element elementor-element-7dccb6c9\" data-id=\"7dccb6c9\" data-element_type=\"column\" data-e-type=\"column\">\n\t\t\t<div class=\"elementor-widget-wrap\">\n\t\t\t\t\t\t\t<\/div>\n\t\t<\/div>\n\t\t\t\t\t<\/div>\n\t\t<\/section>\n\t\t\t\t<\/div>\n\t\t","protected":false},"excerpt":{"rendered":"","protected":false},"author":2,"featured_media":0,"parent":2667,"menu_order":0,"comment_status":"closed","ping_status":"closed","template":"","meta":{"_monsterinsights_skip_tracking":false,"_monsterinsights_sitenote_active":false,"_monsterinsights_sitenote_note":"","_monsterinsights_sitenote_category":0,"site-sidebar-layout":"default","site-content-layout":"","ast-site-content-layout":"","site-content-style":"default","site-sidebar-style":"default","ast-global-header-display":"","ast-banner-title-visibility":"","ast-main-header-display":"","ast-hfb-above-header-display":"","ast-hfb-below-header-display":"","ast-hfb-mobile-header-display":"","site-post-title":"","ast-breadcrumbs-content":"","ast-featured-img":"","footer-sml-layout":"","theme-transparent-header-meta":"","adv-header-id-meta":"","stick-header-meta":"","header-above-stick-meta":"","header-main-stick-meta":"","header-below-stick-meta":"","astra-migrate-meta-layouts":"default","ast-page-background-enabled":"default","ast-page-background-meta":{"desktop":{"background-color":"var(--ast-global-color-5)","background-image":"","background-repeat":"repeat","background-position":"center center","background-size":"auto","background-attachment":"scroll","background-type":"","background-media":"","overlay-type":"","overlay-color":"","overlay-opacity":"","overlay-gradient":""},"tablet":{"background-color":"","background-image":"","background-repeat":"repeat","background-position":"center center","background-size":"auto","background-attachment":"scroll","background-type":"","background-media":"","overlay-type":"","overlay-color":"","overlay-opacity":"","overlay-gradient":""},"mobile":{"background-color":"","background-image":"","background-repeat":"repeat","background-position":"center center","background-size":"auto","background-attachment":"scroll","background-type":"","background-media":"","overlay-type":"","overlay-color":"","overlay-opacity":"","overlay-gradient":""}},"ast-content-background-meta":{"desktop":{"background-color":"var(--ast-global-color-4)","background-image":"","background-repeat":"repeat","background-position":"center center","background-size":"auto","background-attachment":"scroll","background-type":"","background-media":"","overlay-type":"","overlay-color":"","overlay-opacity":"","overlay-gradient":""},"tablet":{"background-color":"var(--ast-global-color-4)","background-image":"","background-repeat":"repeat","background-position":"center center","background-size":"auto","background-attachment":"scroll","background-type":"","background-media":"","overlay-type":"","overlay-color":"","overlay-opacity":"","overlay-gradient":""},"mobile":{"background-color":"var(--ast-global-color-4)","background-image":"","background-repeat":"repeat","background-position":"center center","background-size":"auto","background-attachment":"scroll","background-type":"","background-media":"","overlay-type":"","overlay-color":"","overlay-opacity":"","overlay-gradient":""}},"footnotes":""},"class_list":["post-2658","page","type-page","status-publish","hentry"],"yoast_head":"<!-- This site is optimized with the Yoast SEO plugin v27.0 - https:\/\/yoast.com\/product\/yoast-seo-wordpress\/ -->\n<title>Not\u00edcias: Eventos &#8211;<\/title>\n<meta name=\"robots\" content=\"index, follow, max-snippet:-1, max-image-preview:large, max-video-preview:-1\" \/>\n<link rel=\"canonical\" href=\"https:\/\/tecnologia.prefeitura.sp.gov.br\/?page_id=2658\" \/>\n<meta property=\"og:locale\" content=\"pt_BR\" \/>\n<meta property=\"og:type\" content=\"article\" \/>\n<meta property=\"og:title\" content=\"Not\u00edcias: Eventos &#8211;\" \/>\n<meta property=\"og:url\" content=\"https:\/\/tecnologia.prefeitura.sp.gov.br\/?page_id=2658\" \/>\n<meta property=\"article:modified_time\" content=\"2020-05-18T12:09:37+00:00\" \/>\n<meta name=\"twitter:card\" content=\"summary_large_image\" \/>\n<script type=\"application\/ld+json\" class=\"yoast-schema-graph\">{\"@context\":\"https:\/\/schema.org\",\"@graph\":[{\"@type\":\"WebPage\",\"@id\":\"https:\/\/tecnologia.prefeitura.sp.gov.br\/?page_id=2658\",\"url\":\"https:\/\/tecnologia.prefeitura.sp.gov.br\/?page_id=2658\",\"name\":\"Not\u00edcias: Eventos &#8211;\",\"isPartOf\":{\"@id\":\"https:\/\/tecnologia.prefeitura.sp.gov.br\/#website\"},\"datePublished\":\"2020-05-11T12:03:25+00:00\",\"dateModified\":\"2020-05-18T12:09:37+00:00\",\"breadcrumb\":{\"@id\":\"https:\/\/tecnologia.prefeitura.sp.gov.br\/?page_id=2658#breadcrumb\"},\"inLanguage\":\"pt-BR\",\"potentialAction\":[{\"@type\":\"ReadAction\",\"target\":[\"https:\/\/tecnologia.prefeitura.sp.gov.br\/?page_id=2658\"]}]},{\"@type\":\"BreadcrumbList\",\"@id\":\"https:\/\/tecnologia.prefeitura.sp.gov.br\/?page_id=2658#breadcrumb\",\"itemListElement\":[{\"@type\":\"ListItem\",\"position\":1,\"name\":\"In\u00edcio\",\"item\":\"https:\/\/tecnologia.prefeitura.sp.gov.br\/\"},{\"@type\":\"ListItem\",\"position\":2,\"name\":\"Not\u00edcias\",\"item\":\"https:\/\/tecnologia.prefeitura.sp.gov.br\/?page_id=2667\"},{\"@type\":\"ListItem\",\"position\":3,\"name\":\"Not\u00edcias: Eventos\"}]},{\"@type\":\"WebSite\",\"@id\":\"https:\/\/tecnologia.prefeitura.sp.gov.br\/#website\",\"url\":\"https:\/\/tecnologia.prefeitura.sp.gov.br\/\",\"name\":\"Tecnologia cidade de S\u00e3o Paulo\",\"description\":\"Este portal foi criado com o intuito de divulgar diretrizes, boas pr\u00e1ticas e casos de sucesso no uso de tecnologia na Prefeitura da cidade de S\u00e3o Paulo. Seu p\u00fablico prim\u00e1rio s\u00e3o os servidores e servidoras p\u00fablicos, para que tenhamos mais pessoas entendendo de tecnologia para resolver problemas de pessoas.\",\"publisher\":{\"@id\":\"https:\/\/tecnologia.prefeitura.sp.gov.br\/#organization\"},\"potentialAction\":[{\"@type\":\"SearchAction\",\"target\":{\"@type\":\"EntryPoint\",\"urlTemplate\":\"https:\/\/tecnologia.prefeitura.sp.gov.br\/?s={search_term_string}\"},\"query-input\":{\"@type\":\"PropertyValueSpecification\",\"valueRequired\":true,\"valueName\":\"search_term_string\"}}],\"inLanguage\":\"pt-BR\"},{\"@type\":\"Organization\",\"@id\":\"https:\/\/tecnologia.prefeitura.sp.gov.br\/#organization\",\"name\":\"Secretaria Municipal de Inova\u00e7\u00e3o e Tecnologia\",\"url\":\"https:\/\/tecnologia.prefeitura.sp.gov.br\/\",\"logo\":{\"@type\":\"ImageObject\",\"inLanguage\":\"pt-BR\",\"@id\":\"https:\/\/tecnologia.prefeitura.sp.gov.br\/#\/schema\/logo\/image\/\",\"url\":\"http:\/\/54.207.50.161\/wp-content\/uploads\/2019\/10\/logo-gov-ti.png\",\"contentUrl\":\"http:\/\/54.207.50.161\/wp-content\/uploads\/2019\/10\/logo-gov-ti.png\",\"width\":250,\"height\":215,\"caption\":\"Secretaria Municipal de Inova\u00e7\u00e3o e Tecnologia\"},\"image\":{\"@id\":\"https:\/\/tecnologia.prefeitura.sp.gov.br\/#\/schema\/logo\/image\/\"}}]}<\/script>\n<!-- \/ Yoast SEO plugin. -->","yoast_head_json":{"title":"Not\u00edcias: Eventos &#8211;","robots":{"index":"index","follow":"follow","max-snippet":"max-snippet:-1","max-image-preview":"max-image-preview:large","max-video-preview":"max-video-preview:-1"},"canonical":"https:\/\/tecnologia.prefeitura.sp.gov.br\/?page_id=2658","og_locale":"pt_BR","og_type":"article","og_title":"Not\u00edcias: Eventos &#8211;","og_url":"https:\/\/tecnologia.prefeitura.sp.gov.br\/?page_id=2658","article_modified_time":"2020-05-18T12:09:37+00:00","twitter_card":"summary_large_image","schema":{"@context":"https:\/\/schema.org","@graph":[{"@type":"WebPage","@id":"https:\/\/tecnologia.prefeitura.sp.gov.br\/?page_id=2658","url":"https:\/\/tecnologia.prefeitura.sp.gov.br\/?page_id=2658","name":"Not\u00edcias: Eventos &#8211;","isPartOf":{"@id":"https:\/\/tecnologia.prefeitura.sp.gov.br\/#website"},"datePublished":"2020-05-11T12:03:25+00:00","dateModified":"2020-05-18T12:09:37+00:00","breadcrumb":{"@id":"https:\/\/tecnologia.prefeitura.sp.gov.br\/?page_id=2658#breadcrumb"},"inLanguage":"pt-BR","potentialAction":[{"@type":"ReadAction","target":["https:\/\/tecnologia.prefeitura.sp.gov.br\/?page_id=2658"]}]},{"@type":"BreadcrumbList","@id":"https:\/\/tecnologia.prefeitura.sp.gov.br\/?page_id=2658#breadcrumb","itemListElement":[{"@type":"ListItem","position":1,"name":"In\u00edcio","item":"https:\/\/tecnologia.prefeitura.sp.gov.br\/"},{"@type":"ListItem","position":2,"name":"Not\u00edcias","item":"https:\/\/tecnologia.prefeitura.sp.gov.br\/?page_id=2667"},{"@type":"ListItem","position":3,"name":"Not\u00edcias: Eventos"}]},{"@type":"WebSite","@id":"https:\/\/tecnologia.prefeitura.sp.gov.br\/#website","url":"https:\/\/tecnologia.prefeitura.sp.gov.br\/","name":"Tecnologia cidade de S\u00e3o Paulo","description":"Este portal foi criado com o intuito de divulgar diretrizes, boas pr\u00e1ticas e casos de sucesso no uso de tecnologia na Prefeitura da cidade de S\u00e3o Paulo. Seu p\u00fablico prim\u00e1rio s\u00e3o os servidores e servidoras p\u00fablicos, para que tenhamos mais pessoas entendendo de tecnologia para resolver problemas de pessoas.","publisher":{"@id":"https:\/\/tecnologia.prefeitura.sp.gov.br\/#organization"},"potentialAction":[{"@type":"SearchAction","target":{"@type":"EntryPoint","urlTemplate":"https:\/\/tecnologia.prefeitura.sp.gov.br\/?s={search_term_string}"},"query-input":{"@type":"PropertyValueSpecification","valueRequired":true,"valueName":"search_term_string"}}],"inLanguage":"pt-BR"},{"@type":"Organization","@id":"https:\/\/tecnologia.prefeitura.sp.gov.br\/#organization","name":"Secretaria Municipal de Inova\u00e7\u00e3o e Tecnologia","url":"https:\/\/tecnologia.prefeitura.sp.gov.br\/","logo":{"@type":"ImageObject","inLanguage":"pt-BR","@id":"https:\/\/tecnologia.prefeitura.sp.gov.br\/#\/schema\/logo\/image\/","url":"http:\/\/54.207.50.161\/wp-content\/uploads\/2019\/10\/logo-gov-ti.png","contentUrl":"http:\/\/54.207.50.161\/wp-content\/uploads\/2019\/10\/logo-gov-ti.png","width":250,"height":215,"caption":"Secretaria Municipal de Inova\u00e7\u00e3o e Tecnologia"},"image":{"@id":"https:\/\/tecnologia.prefeitura.sp.gov.br\/#\/schema\/logo\/image\/"}}]}},"_links":{"self":[{"href":"https:\/\/tecnologia.prefeitura.sp.gov.br\/index.php?rest_route=\/wp\/v2\/pages\/2658","targetHints":{"allow":["GET"]}}],"collection":[{"href":"https:\/\/tecnologia.prefeitura.sp.gov.br\/index.php?rest_route=\/wp\/v2\/pages"}],"about":[{"href":"https:\/\/tecnologia.prefeitura.sp.gov.br\/index.php?rest_route=\/wp\/v2\/types\/page"}],"author":[{"embeddable":true,"href":"https:\/\/tecnologia.prefeitura.sp.gov.br\/index.php?rest_route=\/wp\/v2\/users\/2"}],"replies":[{"embeddable":true,"href":"https:\/\/tecnologia.prefeitura.sp.gov.br\/index.php?rest_route=%2Fwp%2Fv2%2Fcomments&post=2658"}],"version-history":[{"count":8,"href":"https:\/\/tecnologia.prefeitura.sp.gov.br\/index.php?rest_route=\/wp\/v2\/pages\/2658\/revisions"}],"predecessor-version":[{"id":2747,"href":"https:\/\/tecnologia.prefeitura.sp.gov.br\/index.php?rest_route=\/wp\/v2\/pages\/2658\/revisions\/2747"}],"up":[{"embeddable":true,"href":"https:\/\/tecnologia.prefeitura.sp.gov.br\/index.php?rest_route=\/wp\/v2\/pages\/2667"}],"wp:attachment":[{"href":"https:\/\/tecnologia.prefeitura.sp.gov.br\/index.php?rest_route=%2Fwp%2Fv2%2Fmedia&parent=2658"}],"curies":[{"name":"wp","href":"https:\/\/api.w.org\/{rel}","templated":true}]}}